actors of 63758?
2, 71, 449
What are the prime factors of 27382?
2, 13691
What are the prime factors of 17235?
3, 5, 383
List the prime factors of 16815.
3, 5, 19, 59
What are the prime factors of 89125?
5, 23, 31
List the prime factors of 324.
2, 3
What are the prime factors of 1488?
2, 3, 31
What are the prime factors of 26523?
3, 7, 421
List the prime factors of 2354.
2, 11, 107
What are the prime factors of 28247?
47, 601
List the prime factors of 20152.
2, 11, 229
List the prime factors of 9882.
2, 3, 61
List the prime factors of 38260.
2, 5, 1913
What are the prime factors of 2560?
2, 5
List the prime factors of 1445.
5, 17
List the prime factors of 398.
2, 199
List the prime factors of 47706.
2, 3, 7951
List the prime factors of 1903.
11, 173
List the prime factors of 406.
2, 7, 29
What are the prime factors of 10691?
10691
List the prime factors of 1767.
3, 19, 31
What are the prime factors of 49006?
2, 107, 229
What are the prime factors of 78186?
2, 3, 83, 157
List the prime factors of 1607.
1607
List the prime factors of 5771.
29, 199
What are the prime factors of 39672?
2, 3, 19, 29
List the prime factors of 11092.
2, 47, 59
List the prime factors of 30015.
3, 5, 23, 29
What are the prime factors of 283?
283
What are the prime factors of 88754?
2, 199, 223
List the prime factors of 85867.
17, 5051
List the prime factors of 1829.
31, 59
List the prime factors of 52406.
2, 26203
List the prime factors of 1793.
11, 163
What are the prime factors of 7574?
2, 7, 541
What are the prime factors of 18355?
5, 3671
What are the prime factors of 16437?
3, 5479
What are the prime factors of 1970?
2, 5, 197
List the prime factors of 128.
2
List the prime factors of 131473.
73, 1801
List the prime factors of 1913.
1913
What are the prime factors of 919?
919
What are the prime factors of 15889?
15889
List the prime factors of 526.
2, 263
What are the prime factors of 76169?
59, 1291
What are the prime factors of 42791?
7, 6113
List the prime factors of 4552.
2, 569
List the prime factors of 107218.
2, 53609
List the prime factors of 1725.
3, 5, 23
What are the prime factors of 20663?
20663
What are the prime factors of 2250?
2, 3, 5
List the prime factors of 152270.
2, 5, 15227
What are the prime factors of 24895?
5, 13, 383
List the prime factors of 184021.
59, 3119
List the prime factors of 589.
19, 31
What are the prime factors of 104?
2, 13
List the prime factors of 239.
239
What are the prime factors of 26650?
2, 5, 13, 41
What are the prime factors of 542?
2, 271
What are the prime factors of 40686?
2, 3, 6781
What are the prime factors of 17271?
3, 19, 101
What are the prime factors of 357?
3, 7, 17
List the prime factors of 390.
2, 3, 5, 13
What are the prime factors of 28725?
3, 5, 383
List the prime factors of 3268.
2, 19, 43
List the prime factors of 6187.
23, 269
What are the prime factors of 610?
2, 5, 61
What are the prime factors of 20717?
20717
What are the prime factors of 96962?
2, 48481
List the prime factors of 9075.
3, 5, 11
What are the prime factors of 8047?
13, 619
What are the prime factors of 16696?
2, 2087
What are the prime factors of 2015?
5, 13, 31
What are the prime factors of 15024?
2, 3, 313
What are the prime factors of 18971?
61, 311
What are the prime factors of 131639?
131639
List the prime factors of 3413.
3413
List the prime factors of 1209.
3, 13, 31
What are the prime factors of 2351?
2351
List the prime factors of 39611.
11, 13, 277
What are the prime factors of 18294?
2, 3, 3049
List the prime factors of 2658.
2, 3, 443
List the prime factors of 6176.
2, 193
List the prime factors of 15960.
2, 3, 5, 7, 19
List the prime factors of 1007.
19, 53
What are the prime factors of 74472?
2, 3, 29, 107
List the prime factors of 300.
2, 3, 5
What are the prime factors of 170?
2, 5, 17
List the prime factors of 123944.
2, 15493
List the prime factors of 3321.
3, 41
List the prime factors of 2333.
2333
List the prime factors of 2356.
2, 19, 31
List the prime factors of 1093.
1093
List the prime factors of 53018.
2, 7, 541
What are the prime factors of 165001?
165001
List the prime factors of 22367.
22367
List the prime factors of 53103.
3, 31, 571
What are the prime factors of 182?
2, 7, 13
List the prime factors of 1027.
13, 79
What are the prime factors of 109?
109
What are the prime factors of 8198?
2, 4099
List the prime factors of 14.
2, 7
List the prime factors of 4021.
4021
List the prime factors of 624.
2, 3, 13
List the prime factors of 2414.
2, 17, 71
List the prime factors of 24042.
2, 3, 4007
What are the prime factors of 1910?
2, 5, 191
List the prime factors of 753.
3, 251
What are the prime factors of 308?
2, 7, 11
What are the prime factors of 118971?
3, 13219
List the prime factors of 879.
3, 293
List the prime factors of 53532.
2, 3, 1487
What are the prime factors of 5717?
5717
List the prime factors of 3939.
3, 13, 101
List the prime factors of 814.
2, 11, 37
What are the prime factors of 7646?
2, 3823
What are the prime factors of 1099?
7, 157
List the prime factors of 2084.
2, 521
What are the prime factors of 982?
2, 491
List the prime factors of 2400.
2, 3, 5
List the prime factors of 4988.
2, 29, 43
What are the prime factors of 3263?
13, 251
What are the prime factors of 283?
283
What are the prime factors of 54510?
2, 3, 5, 23, 79
List the prime factors of 1580.
2, 5, 79
What are the prime factors of 3942?
2, 3, 73
What are the prime factors of 1076?
2, 269
List the prime factors of 2572.
2, 643
What are the prime factors of 17499?
3, 19, 307
List the prime factors of 7062.
2, 3, 11, 107
What are the prime factors of 2165?
5, 433
What are the prime factors of 812?
2, 7, 29
List the prime factors of 41680.
2, 5, 521
What are the prime factors of 17095?
5, 13, 263
What are the prime factors of 1647?
3, 61
What are the prime factors of 19085?
5, 11, 347
What are the prime factors of 5229?
3, 7, 83
List the prime factors of 10856.
2, 23, 59
What are the prime factors of 3258?
2, 3, 181
List the prime factors of 15023.
83, 181
What are the prime factors of 2494?
2, 29, 43
List the prime factors of 999.
3, 37
What are the prime factors of 5334?
2, 3, 7, 127
List the prime factors of 8856.
2, 3, 41
List the prime factors of 149028.
2, 3, 11, 1129
List the prime factors of 13168.
2, 823
What are the prime factors of 964?
2, 241
What are the prime factors of 29141?
7, 23, 181
What are the prime factors of 2485?
5, 7, 71
List the prime factors of 1112.
2, 139
What are the prime factors of 130981?
130981
What are the prime factors of 25110?
2, 3, 5, 31
What are the prime factors of 114089?
114089
List the prime factors of 59947.
151, 397
What are the prime factors of 16783?
13, 1291
List the prime factors of 4822.
2, 2411
List the prime factors of 11909.
11909
What are the prime factors of 14510?
2, 5, 1451
What are the prime factors of 907?
907
List the prime factors of 3424.
2, 107
What are the prime factors of 11926?
2, 67, 89
List the prime factors of 1285.
5, 257
What are the prime factors of 909?
3, 101
List the prime factors of 727.
727
What are the prime factors of 541?
541
What are the prime factors of 8881?
83, 107
List the prime factors of 1650.
2, 3, 5, 11
List the prime factors of 3730.
2, 5, 373
List the prime factors of 17744.
2, 1109
What are the prime factors of 8026?
2, 4013
What are the prime factors of 33227?
149, 223
What are the prime factors of 732?
2, 3, 61
What are the prime factors of 17814?
2, 3, 2969
What are the prime factors of 3532?
2, 883
List the prime factors of 4740.
2, 3, 5, 79
What are the prime factors of 75?
3, 5
List the prime factors of 3341.
13, 257
What are the prime factors of 4810?
2, 5, 13, 37
List the prime factors of 15255.
3, 5, 113
What are the prime factors of 2417?
2417
What are the prime factors of 3831?
3, 1277
List the prime factors of 12682.
2, 17, 373
List the prime factors of 1510.
2, 5, 151
List the prime factors of 1966.
2, 983
What are the prime factors of 1561?
7, 223
What are the prime factors of 1215?
3, 5
What are the prime factors of 329?
7, 47
What are the prime factors of 2649?
3, 883
List the prime factors of 2025.
3, 5
List the prime factors of 3082.
2, 23, 67
What are the prime factors of 2263?
31, 73
List the prime factors o